**2 + 61*j - 110. Give d(-22).
0
Let n(g) = g**3 - 2*g**2 - 2*g + 2. What is n(-2)?
-10
Let v(s) = 2*s**3 + 11*s**2 + 3*s - 5. Give v(-5).
5
Let z(h) = -h + 5. What is z(5)?
0
Let q(a) = -a**2 - 5*a - 1. Determine q(-8).
-25
Let r(w) = -w**3 - 9*w**2 + 9*w + 39. Calculate r(-9).
-42
Let y(h) = h**2 - 4*h + 1. Calculate y(8).
33
Let w(y) = y**2 - 6*y + 10. Determine w(4).
2
Let q(y) = -y**3 + 38*y**2 - 192*y + 6. Give q(32).
6
Let r(s) = s + 3. Give r(18).
21
Let d(x) = -3*x - 6. Give d(0).
-6
Let c(s) = 4*s - 12. Give c(7).
16
Let l(v) = -v**2 - 4*v + 9. Give l(-6).
-3
Let k(h) = h**3 + 19*h**2 + 33*h - 23. Calculate k(-17).
-6
Let i(u) = -2*u - 9. Give i(-15).
21
Let g(j) = j - 1. Give g(0).
-1
Let s(k) = -k**2 + k - 1. Calculate s(3).
-7
Let p(h) = -h**3 - 11*h**2 + 6*h - 13. Calculate p(-12).
59
Let g(d) = d**3 + 4*d**2 + 2*d + 1. Determine g(-5).
-34
Let m(o) = o**2 - 9*o - 22. Give m(10).
-12
Let s(t) = -3*t + 1. What is s(7)?
-20
Let k(s) = -s**2 - 11*s - 14. What is k(-10)?
-4
Let o(w) = -w**3 - 11*w**2 - 16*w + 14. Give o(-10).
74
Let b(o) = 6*o - 26. What is b(5)?
4
Let n(s) = 2*s**2 - 17*s + 15. Determine n(11).
70
Let r(l) = -l**3 + 7*l**2 + 9*l + 9. Give r(8).
17
Let i(z) = -z**2 - 6*z - 2. Give i(-8).
-18
Let j(k) = -k + 1. Give j(-2).
3
Let i(y) = -y**3 - 2*y**2 + y - 23. What is i(0)?
-23
Let z(y) = 3*y**2 - 3*y - 63. Calculate z(5).
-3
Let r(p) = -p**2 - 15*p + 30. What is r(-17)?
-4
Let a(w) = 4*w**2 + 19*w - 35. Calculate a(-6).
-5
Let d(q) = -3*q + 40. What is d(6)?
22
Let f(k) = k**3 + 12*k**2 + 20*k - 4. Calculate f(-10).
-4
Let n(y) = -y - 39. Determine n(-7).
-32
Let m(b) = -b**2 - 5*b - 2. What is m(-3)?
4
Let d(z) = -z**2 - 5*z - 12. Calculate d(-5).
-12
Let y(m) = -15*m**2 + 3*m - 2. What is y(1)?
-14
Let c(d) = -d**2 - 3*d. Give c(-3).
0
Let f(a) = -a + 16. Determine f(21).
-5
Let j(k) = -k**2 + 37*k + 126. Give j(40).
6
Let l(d) = -d**3 + 3*d**2 - 3*d + 22. Determine l(3).
13
Let i(s) = -11*s + 16. What is i(3)?
-17
Let h(m) = 2*m**2 + 4*m - 8. Give h(-6).
40
Let c(p) = p**3 - 11*p**2 - 11*p - 10. Calculate c(12).
2
Let f(z) = -z**2 + 7*z - 3. Calculate f(6).
3
Let z(v) = v**3 - 5*v**2 - 7*v - 21. Determine z(7).
28
Let a(b) = 2*b**2 - 15*b - 10. What is a(8)?
-2
Let j(t) = t**3 - 14*t**2 + 2*t + 9. Calculate j(0).
9
Let c(r) = r**3 + 6*r**2 + r - 10. Give c(-6).
-16
Let y(u) = 10*u - 42. Give y(3).
-12
Let n(j) = 3*j**2 + 9*j + 12. Calculate n(-5).
42
Let k(q) = -q. Determine k(-10).
10
Let i(y) = 153*y - 444. Calculate i(3).
15
Let t(j) = j**3 + 16*j**2 - j + 31. Determine t(-16).
47
Let x(n) = -n**3 + 32*n + 23. Give x(6).
-1
Let u(q) = 2*q**3 + 11. Give u(4).
139
Let p(v) = v**3 - 2*v**2 - 7*v + 2. Give p(-2).
0
Let n(a) = -67*a - 1. Determine n(1).
-68
Let d(l) = -2*l**2 - 12*l + 5. Calculate d(-7).
-9
Let p(k) = k**2 + 33*k + 36. What is p(-32)?
4
Let f(a) = a**2 - 6*a - 5. Give f(8).
11
Let d(c) = -c**2 - 7*c - 2. Calculate d(-9).
-20
Let p(m) = m - 4. Determine p(-4).
-8
Let z(c) = c**2 + 5*c - 4. What is z(-6)?
2
Let w(l) = l**3 - 11*l**2 + 8*l - 88. Determine w(11).
0
Let m(c) = -c**2 - 16*c + 17. Determine m(-16).
17
Let r(g) = 3*g + 21. What is r(-5)?
6
Let m(o) = o**3 - 5*o**2 - 5*o - 6. Give m(6).
0
Let b(p) = -2*p**2 - 8*p + 4. What is b(-5)?
-6
Let p(x) = -3*x**3 + 33*x**2 + x - 19. What is p(11)?
-8
Let v(u) = u**2 - 8*u - 7. Give v(9).
2
Let t(z) = z + 8. Determine t(-7).
1
Let c(n) = 2*n**2 + 2*n - 1. What is c(-4)?
23
Let v(o) = -o**2 + 18*o - 73. What is v(5)?
-8
Let h(k) = -2*k + 1. What is h(5)?
-9
Let g(a) = a**3 - 11*a**2 + 22*a - 12. Calculate g(8).
-28
Let l(b) = b - 8. What is l(0)?
-8
Let l(w) = -w**2 - 4*w + 9. What is l(-5)?
4
Let g(z) = -2*z**3 - 17*z**2 + 3*z - 21. What is g(-9)?
33
Let o(a) = 90*a + 1532. What is o(-17)?
2
Let h(i) = i**2 - 28*i - 138. Calculate h(32).
-10
Let r(j) = 4*j + 87. Calculate r(-21).
3
Let k(y) = y**3 + 8*y**2 + 7*y + 9. What is k(-7)?
9
Let n(m) = -m**3 - 6*m**2 - 4*m - 21. Determine n(-6).
3
Let g(x) = -x**2 - 6*x. Determine g(-7).
-7
Let i(f) = 14*f**2 - 3*f + 4. Give i(1).
15
Let r(p) = 17*p - 301. Determine r(18).
5
Let a(y) = -y - 11. Give a(-3).
-8
Let m(r) = -r**3 - 14*r**2 + r - 20. What is m(-14)?
-34
Let g(b) = -10*b + 4. Determine g(2).
-16
Let d(v) = 8*v - 107. Give d(14).
5
Let r(s) = -s**2 + 24*s - 47. What is r(24)?
-47
Let w(m) = m**2 - 8*m - 4. Calculate w(3).
-19
Let u(d) = -d**2 - 2*d + 3. Determine u(2).
-5
Let o(i) = -15*i - 18. Determine o(-3).
27
Let v(c) = -c**3 - 9*c**2 - 7*c - 7. Give v(-6).
-73
Let z(f) = f**3 - 11*f**2 - f + 26. What is z(11)?
15
Let x(f) = 2*f - 4. Determine x(0).
-4
Let a(f) = -2*f**3 + 10*f**2 + 7*f - 5. Give a(5).
30
Let k(o) = o - 9. What is k(-6)?
-15
Let j(i) = i**3 - 2*i**2 - 2*i - 1. Determine j(-1).
-2
Let g(j) = -j**2 + 12*j - 48. Determine g(8).
-16
Let i(g) = 2*g**2 + 17*g + 60. What is i(-7)?
39
Let v(k) = k**2 - 21. What is v(-5)?
4
Let w(b) = -b**3 + 8*b**2 + b - 16. Determine w(7).
40
Let v(b) = -3*b**2 + 4*b + 69. What is v(-6)?
-63
Let v(k) = k**2 + 6*k + 9. Give v(-5).
4
Let y(g) = g + 35. What is y(-8)?
27
Let v(y) = -y**2 - 5*y + 7. Give v(-6).
1
Let q(r) = 2*r + 29. Determine q(-13).
3
Let m(l) = 6*l + 39. Determine m(-12).
-33
Let c(i) = -19*i + 191. Calculate c(10).
1
Let f(m) = -m - 23. What is f(-17)?
-6
Let c(t) = -155*t - 626. Calculate c(-4).
-6
Let v(c) = -c**2 - 14*c + 12. Give v(-13).
25
Let x(q) = -q + 18. What is x(20)?
-2
Let c(f) = f**2 - 7*f + 11. Give c(5).
1
Let m(u) = u**3 + 9*u**2 - 5*u - 1. Determine m(-9).
44
Let g(j) = j**3 - 6*j**2. Determine g(5).
-25
Let x(k) = -k**2 + 9*k - 2. Determine x(7).
12
Let c(r) = r**3 - 5*r**2 + 3*r - 1. What is c(3)?
-10
Let h(g) = -3*g**2 - 3*g - 3. Give h(-2).
-9
Let p(n) = -6*n - 54. What is p(-9)?
0
Let t(m) = -m**2 - 4*m - 6. What is t(-4)?
-6
Let p(u) = u**3 - 15*u**2 + 15*u + 10. Determine p(14).
24
Let o(u) = u**3 - 27*u**2 + 29*u + 22. Calculate o(26).
100
Let f(y) = y**3 - 5*y**2 + 3*y - 3. What is f(4)?
-7
Let w(c) = 2*c**3 - 2*c**2 + 2*c + 2. Give w(2).
14
Let s(b) = b**3 + 6*b**2 - 11*b - 24. What is s(-7)?
4
Let r(u) = u**3 - 25*u**2 + 86*u - 42. Determine r(21).
0
Let w(q) = q**2 + 19*q - 14. What is w(-16)?
-62
Let g(j) = -j**3 - 2*j - 9. Calculate g(0).
-9
Let i(b) = -16*b**3 - 4*b**2 + 2*b + 1. Calculate i(-1).
11
Let n(g) = -23*g + 2. Give n(1).
-21
Let m(q) = -q**2 - 2*q + 14. Determine m(9).
-85
Let l(b) = -b**2 + 12*b - 9. Give l(11).
2
Let d(y) = 45*y + 9. Give d(1).
54
Let o(n) = -n**3 - 10*n**2 + 7*n + 28. Give o(-10).
-42
Let r(m) = -m + 16. Give r(19).
-3
Let d(r) = 14*r**2 + 3. Give d(-2).
59
Let s(r) = -2*r**3 - 5*r**2 + 30*r + 21. What is s(-5)?
-4
Let h(v) = -v**3 - 25*v**2 + 26*v - 10. What is h(-26)?
-10
Let f(j) = j**3 + 5*j**2 + 4*j - 4. Give f(-4).
-4
Let t(v) = -3*v**3 + 25*v**2 - 6*v - 6. What is t(8)?
10
Let w(b) = -2*b + 2. What is w(5)?
-8
Let q(h) = h**3 - 8*h**2 - 9*h - 6. What is q(9)?
-6
Let y(p) = p**3 + 10*p**2 + 18*p + 14. Give y(-7).
35
Let d(x) = -x**3 + 18*x**2 - x + 26. Determine d(18).
8
Let n(p) = p - 8. Give n(5).
-3
Let b(d) = 12*d + 9. Calculate b(1).
21
Let x(p) = -p - 12. What is x(8)?
-20
Let r(k) = 2*k**3 + 8*k**2 + 4*k + 9. Calculate r(-4).
-7
Let h(w) = 2*w - 42. Calculate h(21).
0
Let a(t) = -t**3 + 4*t**2 + 16*t - 12. Calculate a(6).
12
Let w(r) = 20*r**3 + 4*r**2 + 2*r + 2. Give w(-1).
-16
Let k(i) = 9*i + 9. Give k(-2).
-9
Let i(o) = 57*o - 523. Determine i(9).
-10
Let x(a) = 4*a**3 + a**2 + 3*a + 3. Calculate x(-3).
-105
Let t(s) = s**3 + 6*s**2 - 7*s + 6. What is t(-7)?
6
Let q(l) = 2*l**3 - 5*l**2 - 9*l - 7. Determine q(4).
5
Let l(v) = -2*v**3 + 7*v**2 + 2. Determine l(3).
11
Let d(z) = -z**3 + z**2 + 8*z - 12. What is d(3)?
-6
Let w(d) = -d**2 + 12*d - 15. Calculate w(9).
12
Let n(t) = -t + 9. Calculate n(6).
3
Let q(l) = l**3 - 12*l**2 + 5*l + 37. What is q(11)?
-29
Let t(m) = m**2 - 34*m + 106. Calculate t(4).
-14
Let v(m) = 4*m - 13. Give v(4).
3
Let n(r) = r - 7. Give n(-7).
-14
Let c(x) = -2*x - 4. What is c(-14)?
24
Let q(o) = -14*o**2 + 2*o + 8. What is q(2)?
-44
Let z(i) = 4*i - 33. Give z(-14).
-89
Let m(b) = -3*b + 6. Calculate m(7).
-15
Let l(g) = -g**2 - g + 5. Determine l(2).
-1
Let p(v) = -v**2 + 12*v - 23. Determine p(9).
4
Let q(v) = -3*v**2 -